{"id":10,"date":"2025-09-03T14:24:09","date_gmt":"2025-09-03T14:24:09","guid":{"rendered":"http:\/\/www.bogumilprzybylak.pl\/?page_id=10"},"modified":"2026-03-05T14:26:02","modified_gmt":"2026-03-05T14:26:02","slug":"home","status":"publish","type":"page","link":"https:\/\/viawolnosci.pl\/","title":{"rendered":"HOME"},"content":{"rendered":"\t\t<div data-elementor-type=\"wp-page\" data-elementor-id=\"10\" class=\"elementor elementor-10\">\n\t\t\t\t<div class=\"elementor-element elementor-element-7f0f245 e-flex e-con-boxed e-con e-parent\" data-id=\"7f0f245\" data-element_type=\"container\" data-settings=\"{&quot;background_background&quot;:&quot;slideshow&quot;,&quot;background_slideshow_gallery&quot;:[{&quot;id&quot;:296,&quot;url&quot;:&quot;https:\\\/\\\/viawolnosci.pl\\\/wp-content\\\/uploads\\\/2026\\\/02\\\/HOME-BACKGROUND.webp&quot;}],&quot;background_slideshow_slide_duration&quot;:5000,&quot;background_slideshow_slide_transition&quot;:&quot;fade&quot;,&quot;background_slideshow_transition_duration&quot;:500}\">\n\t\t\t\t\t<div class=\"e-con-inner\">\n\t\t<div class=\"elementor-element elementor-element-fb21053 e-con-full elementor-hidden-mobile e-flex e-con e-child\" data-id=\"fb21053\" data-element_type=\"container\">\n\t\t\t\t<\/div>\n\t\t<div class=\"elementor-element elementor-element-a8e1b7f e-con-full e-flex e-con e-child\" data-id=\"a8e1b7f\" data-element_type=\"container\">\n\t\t\t\t<div class=\"elementor-element elementor-element-6311855 elementor-widget elementor-widget-heading\" data-id=\"6311855\" data-element_type=\"widget\" data-widget_type=\"heading.default\">\n\t\t\t\t\t<h2 class=\"elementor-heading-title elementor-size-default\">Kiedy\u015b Wilhelmsplatz,\ndzisiaj Plac Wolno\u015bci.<\/h2>\t\t\t\t<\/div>\n\t\t\t\t<div class=\"elementor-element elementor-element-ecf7180 elementor-widget__width-initial elementor-widget-mobile__width-initial elementor-widget elementor-widget-text-editor\" data-id=\"ecf7180\" data-element_type=\"widget\" data-widget_type=\"text-editor.default\">\n\t\t\t\t\t\t\t\t\t<p>Plac Wolno\u015bci w Poznaniu, dawniej Wilhelmsplatz, powsta\u0142 na terenach zwanych niegdy\u015b Musz\u0105 G\u00f3r\u0105, nale\u017c\u0105cych od XVI wieku do rodu Muszy\u0144skich. Pierwsze plany jego zagospodarowania pojawi\u0142y si\u0119 jeszcze w czasach &#8230;<\/p>\t\t\t\t\t\t\t\t<\/div>\n\t\t\t\t<div class=\"elementor-element elementor-element-3559252 elementor-mobile-align-center elementor-widget elementor-widget-button\" data-id=\"3559252\" data-element_type=\"widget\" data-widget_type=\"button.default\">\n\t\t\t\t\t\t\t\t\t\t<a class=\"elementor-button elementor-button-link elementor-size-sm\" href=\"https:\/\/viawolnosci.pl\/index.php\/publikacje\/\">\n\t\t\t\t\t\t<span class=\"elementor-button-content-wrapper\">\n\t\t\t\t\t\t\t\t\t<span class=\"elementor-button-text\">CZYTAJ DALEJ<\/span>\n\t\t\t\t\t<\/span>\n\t\t\t\t\t<\/a>\n\t\t\t\t\t\t\t\t<\/div>\n\t\t\t\t<\/div>\n\t\t\t\t\t<\/div>\n\t\t\t\t<\/div>\n\t\t<div class=\"elementor-element elementor-element-4936d35 elementor-hidden-desktop elementor-hidden-tablet e-flex e-con-boxed e-con e-parent\" data-id=\"4936d35\" data-element_type=\"container\" data-settings=\"{&quot;background_background&quot;:&quot;classic&quot;}\">\n\t\t\t\t\t<div class=\"e-con-inner\">\n\t\t\t\t<div class=\"elementor-element elementor-element-012810f elementor-widget-mobile__width-initial elementor-hidden-desktop elementor-hidden-tablet elementor-widget elementor-widget-image-carousel\" data-id=\"012810f\" data-element_type=\"widget\" data-settings=\"{&quot;slides_to_show&quot;:&quot;6&quot;,&quot;navigation&quot;:&quot;none&quot;,&quot;image_spacing_custom&quot;:{&quot;unit&quot;:&quot;px&quot;,&quot;size&quot;:60,&quot;sizes&quot;:[]},&quot;slides_to_show_mobile&quot;:&quot;1&quot;,&quot;autoplay&quot;:&quot;yes&quot;,&quot;pause_on_hover&quot;:&quot;yes&quot;,&quot;pause_on_interaction&quot;:&quot;yes&quot;,&quot;autoplay_speed&quot;:5000,&quot;infinite&quot;:&quot;yes&quot;,&quot;speed&quot;:500,&quot;image_spacing_custom_tablet&quot;:{&quot;unit&quot;:&quot;px&quot;,&quot;size&quot;:&quot;&quot;,&quot;sizes&quot;:[]}}\" data-widget_type=\"image-carousel.default\">\n\t\t\t\t\t\t\t<div class=\"elementor-image-carousel-wrapper swiper\" role=\"region\" aria-roledescription=\"carousel\" aria-label=\"Karuzela obrazk\u00f3w\" dir=\"ltr\">\n\t\t\t<div class=\"elementor-image-carousel swiper-wrapper\" aria-live=\"off\">\n\t\t\t\t\t\t\t\t<div class=\"swiper-slide\" role=\"group\" aria-roledescription=\"slide\" aria-label=\"1 z 7\"><figure class=\"swiper-slide-inner\"><img decoding=\"async\" class=\"swiper-slide-image\" src=\"https:\/\/viawolnosci.pl\/wp-content\/uploads\/2026\/03\/Obszar-roboczy-1-kopia-2.svg\" alt=\"Obszar roboczy 1 kopia 2\" \/><\/figure><\/div><div class=\"swiper-slide\" role=\"group\" aria-roledescription=\"slide\" aria-label=\"2 z 7\"><figure class=\"swiper-slide-inner\"><img decoding=\"async\" class=\"swiper-slide-image\" src=\"https:\/\/viawolnosci.pl\/wp-content\/uploads\/2026\/03\/plucinski_logo.svg\" alt=\"plucinski_logo\" \/><\/figure><\/div><div class=\"swiper-slide\" role=\"group\" aria-roledescription=\"slide\" aria-label=\"3 z 7\"><figure class=\"swiper-slide-inner\"><img decoding=\"async\" class=\"swiper-slide-image\" src=\"https:\/\/viawolnosci.pl\/wp-content\/uploads\/2026\/03\/smorawinski_logo_gz.png\" alt=\"smorawinski_logo_gz\" \/><\/figure><\/div><div class=\"swiper-slide\" role=\"group\" aria-roledescription=\"slide\" aria-label=\"4 z 7\"><figure class=\"swiper-slide-inner\"><img decoding=\"async\" class=\"swiper-slide-image\" src=\"https:\/\/viawolnosci.pl\/wp-content\/uploads\/2026\/03\/ciszak-logo.svg\" alt=\"ciszak logo\" \/><\/figure><\/div><div class=\"swiper-slide\" role=\"group\" aria-roledescription=\"slide\" aria-label=\"5 z 7\"><figure class=\"swiper-slide-inner\"><img decoding=\"async\" class=\"swiper-slide-image\" src=\"https:\/\/viawolnosci.pl\/wp-content\/uploads\/2026\/03\/Obszar-roboczy-1-kopia-4.svg\" alt=\"Obszar roboczy 1 kopia 4\" \/><\/figure><\/div><div class=\"swiper-slide\" role=\"group\" aria-roledescription=\"slide\" aria-label=\"6 z 7\"><figure class=\"swiper-slide-inner\"><img decoding=\"async\" class=\"swiper-slide-image\" src=\"https:\/\/viawolnosci.pl\/wp-content\/uploads\/2026\/03\/devisomedia_logo_gazeta.webp\" alt=\"devisomedia_logo_gazeta\" \/><\/figure><\/div><div class=\"swiper-slide\" role=\"group\" aria-roledescription=\"slide\" aria-label=\"7 z 7\"><figure class=\"swiper-slide-inner\"><img decoding=\"async\" class=\"swiper-slide-image\" src=\"https:\/\/viawolnosci.pl\/wp-content\/uploads\/2026\/03\/zajc2-logo.svg\" alt=\"zajc2 logo\" \/><\/figure><\/div>\t\t\t<\/div>\n\t\t\t\t\t\t\t\n\t\t\t\t\t\t\t\t\t<\/div>\n\t\t\t\t\t\t<\/div>\n\t\t\t\t\t<\/div>\n\t\t\t\t<\/div>\n\t\t<div class=\"elementor-element elementor-element-0d3e4fc elementor-hidden-mobile e-flex e-con-boxed e-con e-parent\" data-id=\"0d3e4fc\" data-element_type=\"container\" data-settings=\"{&quot;background_background&quot;:&quot;classic&quot;}\">\n\t\t\t\t\t<div class=\"e-con-inner\">\n\t\t\t\t<div class=\"elementor-element elementor-element-6fbdb00 elementor-widget elementor-widget-image-carousel\" data-id=\"6fbdb00\" data-element_type=\"widget\" data-settings=\"{&quot;slides_to_show&quot;:&quot;6&quot;,&quot;navigation&quot;:&quot;none&quot;,&quot;image_spacing_custom&quot;:{&quot;unit&quot;:&quot;px&quot;,&quot;size&quot;:60,&quot;sizes&quot;:[]},&quot;autoplay&quot;:&quot;yes&quot;,&quot;pause_on_hover&quot;:&quot;yes&quot;,&quot;pause_on_interaction&quot;:&quot;yes&quot;,&quot;autoplay_speed&quot;:5000,&quot;infinite&quot;:&quot;yes&quot;,&quot;speed&quot;:500,&quot;image_spacing_custom_tablet&quot;:{&quot;unit&quot;:&quot;px&quot;,&quot;size&quot;:&quot;&quot;,&quot;sizes&quot;:[]},&quot;image_spacing_custom_mobile&quot;:{&quot;unit&quot;:&quot;px&quot;,&quot;size&quot;:&quot;&quot;,&quot;sizes&quot;:[]}}\" data-widget_type=\"image-carousel.default\">\n\t\t\t\t\t\t\t<div class=\"elementor-image-carousel-wrapper swiper\" role=\"region\" aria-roledescription=\"carousel\" aria-label=\"Karuzela obrazk\u00f3w\" dir=\"ltr\">\n\t\t\t<div class=\"elementor-image-carousel swiper-wrapper\" aria-live=\"off\">\n\t\t\t\t\t\t\t\t<div class=\"swiper-slide\" role=\"group\" aria-roledescription=\"slide\" aria-label=\"1 z 9\"><figure class=\"swiper-slide-inner\"><img decoding=\"async\" class=\"swiper-slide-image\" src=\"https:\/\/viawolnosci.pl\/wp-content\/uploads\/2026\/03\/Obszar-roboczy-1-kopia-2.svg\" alt=\"Obszar roboczy 1 kopia 2\" \/><\/figure><\/div><div class=\"swiper-slide\" role=\"group\" aria-roledescription=\"slide\" aria-label=\"2 z 9\"><figure class=\"swiper-slide-inner\"><img decoding=\"async\" class=\"swiper-slide-image\" src=\"https:\/\/viawolnosci.pl\/wp-content\/uploads\/2026\/03\/PLUCINSKI_JUBILER_LOGO_FULL.svg\" alt=\"PLUCINSKI_JUBILER_LOGO_FULL\" \/><\/figure><\/div><div class=\"swiper-slide\" role=\"group\" aria-roledescription=\"slide\" aria-label=\"3 z 9\"><figure class=\"swiper-slide-inner\"><img decoding=\"async\" class=\"swiper-slide-image\" src=\"https:\/\/viawolnosci.pl\/wp-content\/uploads\/2026\/03\/CISZAK-NOWE-LOGO.svg\" alt=\"CISZAK NOWE LOGO\" \/><\/figure><\/div><div class=\"swiper-slide\" role=\"group\" aria-roledescription=\"slide\" aria-label=\"4 z 9\"><figure class=\"swiper-slide-inner\"><img decoding=\"async\" class=\"swiper-slide-image\" src=\"https:\/\/viawolnosci.pl\/wp-content\/uploads\/2026\/03\/aston3.svg\" alt=\"aston3\" \/><\/figure><\/div><div class=\"swiper-slide\" role=\"group\" aria-roledescription=\"slide\" aria-label=\"5 z 9\"><figure class=\"swiper-slide-inner\"><img decoding=\"async\" class=\"swiper-slide-image\" src=\"https:\/\/viawolnosci.pl\/wp-content\/uploads\/2026\/03\/Obszar-roboczy-1-kopia-4.svg\" alt=\"Obszar roboczy 1 kopia 4\" \/><\/figure><\/div><div class=\"swiper-slide\" role=\"group\" aria-roledescription=\"slide\" aria-label=\"6 z 9\"><figure class=\"swiper-slide-inner\"><img decoding=\"async\" class=\"swiper-slide-image\" src=\"https:\/\/viawolnosci.pl\/wp-content\/uploads\/2026\/03\/DEVISOMEDIA_VIAWOLNOSCI.svg\" alt=\"DEVISOMEDIA_VIAWOLNOSCI\" \/><\/figure><\/div><div class=\"swiper-slide\" role=\"group\" aria-roledescription=\"slide\" aria-label=\"7 z 9\"><figure class=\"swiper-slide-inner\"><img decoding=\"async\" class=\"swiper-slide-image\" src=\"https:\/\/viawolnosci.pl\/wp-content\/uploads\/2026\/03\/zajc2-logo.svg\" alt=\"zajc2 logo\" \/><\/figure><\/div><div class=\"swiper-slide\" role=\"group\" aria-roledescription=\"slide\" aria-label=\"8 z 9\"><figure class=\"swiper-slide-inner\"><img decoding=\"async\" class=\"swiper-slide-image\" src=\"https:\/\/viawolnosci.pl\/wp-content\/uploads\/2026\/03\/mclaren-logo.svg\" alt=\"mclaren logo\" \/><\/figure><\/div><div class=\"swiper-slide\" role=\"group\" aria-roledescription=\"slide\" aria-label=\"9 z 9\"><figure class=\"swiper-slide-inner\"><img decoding=\"async\" class=\"swiper-slide-image\" src=\"https:\/\/viawolnosci.pl\/wp-content\/uploads\/2026\/03\/smorawinski_logo_gz-300x84.png\" alt=\"smorawinski_logo_gz\" \/><\/figure><\/div>\t\t\t<\/div>\n\t\t\t\t\t\t\t\n\t\t\t\t\t\t\t\t\t<\/div>\n\t\t\t\t\t\t<\/div>\n\t\t\t\t\t<\/div>\n\t\t\t\t<\/div>\n\t\t<div class=\"elementor-element elementor-element-7d99c84 elementor-hidden-desktop elementor-hidden-tablet e-flex e-con-boxed e-con e-parent\" data-id=\"7d99c84\" data-element_type=\"container\" data-settings=\"{&quot;background_background&quot;:&quot;slideshow&quot;,&quot;background_slideshow_gallery&quot;:[{&quot;id&quot;:634,&quot;url&quot;:&quot;https:\\\/\\\/viawolnosci.pl\\\/wp-content\\\/uploads\\\/2026\\\/03\\\/viahome-scaled.webp&quot;}],&quot;background_slideshow_slide_duration&quot;:5000,&quot;background_slideshow_slide_transition&quot;:&quot;fade&quot;,&quot;background_slideshow_transition_duration&quot;:500}\">\n\t\t\t\t\t<div class=\"e-con-inner\">\n\t\t<div class=\"elementor-element elementor-element-d5f5795 e-con-full e-flex e-con e-child\" data-id=\"d5f5795\" data-element_type=\"container\">\n\t\t\t\t<\/div>\n\t\t<div class=\"elementor-element elementor-element-39a6fcf e-con-full e-flex e-con e-child\" data-id=\"39a6fcf\" data-element_type=\"container\">\n\t\t\t\t<div class=\"elementor-element elementor-element-11a345a elementor-widget elementor-widget-heading\" data-id=\"11a345a\" data-element_type=\"widget\" data-widget_type=\"heading.default\">\n\t\t\t\t\t<h2 class=\"elementor-heading-title elementor-size-default\">Ka\u017cda przygoda <br>\nma sw\u00f3j pocz\u0105tek.<\/h2>\t\t\t\t<\/div>\n\t\t\t\t<div class=\"elementor-element elementor-element-3b26e9c elementor-widget__width-initial elementor-widget-mobile__width-initial elementor-widget elementor-widget-text-editor\" data-id=\"3b26e9c\" data-element_type=\"widget\" data-widget_type=\"text-editor.default\">\n\t\t\t\t\t\t\t\t\t<p>Pierwszy numer viaWolno\u015bci to pocz\u0105tek opowie\u015bci, kt\u00f3ra ma swoj\u0105 histori\u0119, tempo i charakter. \u00a0Zosta\u0144 z nami na d\u0142u\u017cej i \u015bled\u017a nasze dzia\u0142ania w mediach spo\u0142eczno\u015bciowych. To tam b\u0119dziemy informowa\u0107 o kolejnych wydaniach, wydarzeniach i inicjatywach, kt\u00f3re wsp\u00f3lnie tworzymy. Zapraszamy do lektury.<\/p>\t\t\t\t\t\t\t\t<\/div>\n\t\t\t\t<div class=\"elementor-element elementor-element-dd816b1 elementor-mobile-align-center elementor-widget elementor-widget-button\" data-id=\"dd816b1\" data-element_type=\"widget\" data-widget_type=\"button.default\">\n\t\t\t\t\t\t\t\t\t\t<a class=\"elementor-button elementor-button-link elementor-size-sm\" href=\"https:\/\/viawolnosci.pl\/index.php\/publikacje\/\">\n\t\t\t\t\t\t<span class=\"elementor-button-content-wrapper\">\n\t\t\t\t\t\t\t\t\t<span class=\"elementor-button-text\">CZYTAJ DALEJ<\/span>\n\t\t\t\t\t<\/span>\n\t\t\t\t\t<\/a>\n\t\t\t\t\t\t\t\t<\/div>\n\t\t\t\t<\/div>\n\t\t\t\t\t<\/div>\n\t\t\t\t<\/div>\n\t\t<div class=\"elementor-element elementor-element-5fc26c7 elementor-hidden-tablet elementor-hidden-mobile e-flex e-con-boxed e-con e-parent\" data-id=\"5fc26c7\" data-element_type=\"container\" data-settings=\"{&quot;background_background&quot;:&quot;slideshow&quot;,&quot;background_slideshow_gallery&quot;:[],&quot;background_slideshow_slide_duration&quot;:5000,&quot;background_slideshow_slide_transition&quot;:&quot;fade&quot;,&quot;background_slideshow_transition_duration&quot;:500}\">\n\t\t\t\t\t<div class=\"e-con-inner\">\n\t\t<div class=\"elementor-element elementor-element-d145d89 e-con-full e-flex e-con e-child\" data-id=\"d145d89\" data-element_type=\"container\">\n\t\t\t\t<div class=\"elementor-element elementor-element-598b92d elementor-widget elementor-widget-image\" data-id=\"598b92d\" data-element_type=\"widget\" data-widget_type=\"image.default\">\n\t\t\t\t\t\t\t\t\t\t\t\t\t\t\t\t<a href=\"https:\/\/viawolnosci.pl\/index.php\/publikacje\/\">\n\t\t\t\t\t\t\t<img fetchpriority=\"high\" decoding=\"async\" width=\"768\" height=\"454\" src=\"https:\/\/viawolnosci.pl\/wp-content\/uploads\/2026\/03\/viawolnosci_numer_1_gazeta-768x454.webp\" class=\"attachment-medium_large size-medium_large wp-image-582\" alt=\"\" srcset=\"https:\/\/viawolnosci.pl\/wp-content\/uploads\/2026\/03\/viawolnosci_numer_1_gazeta-768x454.webp 768w, https:\/\/viawolnosci.pl\/wp-content\/uploads\/2026\/03\/viawolnosci_numer_1_gazeta-300x177.webp 300w, https:\/\/viawolnosci.pl\/wp-content\/uploads\/2026\/03\/viawolnosci_numer_1_gazeta-1024x605.webp 1024w, https:\/\/viawolnosci.pl\/wp-content\/uploads\/2026\/03\/viawolnosci_numer_1_gazeta-1536x908.webp 1536w, https:\/\/viawolnosci.pl\/wp-content\/uploads\/2026\/03\/viawolnosci_numer_1_gazeta-2048x1211.webp 2048w\" sizes=\"(max-width: 768px) 100vw, 768px\" \/>\t\t\t\t\t\t\t\t<\/a>\n\t\t\t\t\t\t\t\t\t\t\t\t\t\t\t<\/div>\n\t\t\t\t<\/div>\n\t\t<div class=\"elementor-element elementor-element-6cfecd3 e-con-full e-flex e-con e-child\" data-id=\"6cfecd3\" data-element_type=\"container\">\n\t\t\t\t<div class=\"elementor-element elementor-element-218500a elementor-widget elementor-widget-heading\" data-id=\"218500a\" data-element_type=\"widget\" data-widget_type=\"heading.default\">\n\t\t\t\t\t<h2 class=\"elementor-heading-title elementor-size-default\">Ka\u017cda przygoda <br>\nma sw\u00f3j pocz\u0105tek.<\/h2>\t\t\t\t<\/div>\n\t\t\t\t<div class=\"elementor-element elementor-element-ff971fc elementor-widget__width-initial elementor-widget-mobile__width-initial elementor-widget elementor-widget-text-editor\" data-id=\"ff971fc\" data-element_type=\"widget\" data-widget_type=\"text-editor.default\">\n\t\t\t\t\t\t\t\t\t<p>Pierwszy numer viaWolno\u015bci to pocz\u0105tek opowie\u015bci, kt\u00f3ra ma swoj\u0105 histori\u0119, tempo i charakter. \u00a0Zosta\u0144 z nami na d\u0142u\u017cej i \u015bled\u017a nasze dzia\u0142ania w mediach spo\u0142eczno\u015bciowych. To tam b\u0119dziemy informowa\u0107 o kolejnych wydaniach, wydarzeniach i inicjatywach, kt\u00f3re wsp\u00f3lnie tworzymy. Zapraszamy do lektury.<\/p>\t\t\t\t\t\t\t\t<\/div>\n\t\t\t\t<div class=\"elementor-element elementor-element-8a1ffbf elementor-widget elementor-widget-button\" data-id=\"8a1ffbf\" data-element_type=\"widget\" data-widget_type=\"button.default\">\n\t\t\t\t\t\t\t\t\t\t<a class=\"elementor-button elementor-button-link elementor-size-sm\" href=\"https:\/\/viawolnosci.pl\/index.php\/publikacje\/\">\n\t\t\t\t\t\t<span class=\"elementor-button-content-wrapper\">\n\t\t\t\t\t\t\t\t\t<span class=\"elementor-button-text\">CZYTAJ DALEJ<\/span>\n\t\t\t\t\t<\/span>\n\t\t\t\t\t<\/a>\n\t\t\t\t\t\t\t\t<\/div>\n\t\t\t\t<\/div>\n\t\t\t\t\t<\/div>\n\t\t\t\t<\/div>\n\t\t\t\t<\/div>\n\t\t","protected":false},"excerpt":{"rendered":"<p>Kiedy\u015b Wilhelmsplatz, dzisiaj Plac Wolno\u015bci. Plac Wolno\u015bci w Poznaniu, dawniej Wilhelmsplatz, powsta\u0142 na terenach zwanych niegdy\u015b Musz\u0105 G\u00f3r\u0105, nale\u017c\u0105cych od XVI wieku do rodu Muszy\u0144skich. Pierwsze plany jego zagospodarowania pojawi\u0142y si\u0119 jeszcze w czasach &#8230; CZYTAJ DALEJ Ka\u017cda przygoda ma sw\u00f3j pocz\u0105tek. Pierwszy numer viaWolno\u015bci to pocz\u0105tek opowie\u015bci, kt\u00f3ra ma swoj\u0105 histori\u0119, tempo i charakter. [&hellip;]<\/p>\n","protected":false},"author":1,"featured_media":366,"parent":0,"menu_order":0,"comment_status":"closed","ping_status":"closed","template":"elementor_header_footer","meta":{"footnotes":""},"class_list":["post-10","page","type-page","status-publish","has-post-thumbnail","hentry"],"_links":{"self":[{"href":"https:\/\/viawolnosci.pl\/index.php\/wp-json\/wp\/v2\/pages\/10","targetHints":{"allow":["GET"]}}],"collection":[{"href":"https:\/\/viawolnosci.pl\/index.php\/wp-json\/wp\/v2\/pages"}],"about":[{"href":"https:\/\/viawolnosci.pl\/index.php\/wp-json\/wp\/v2\/types\/page"}],"author":[{"embeddable":true,"href":"https:\/\/viawolnosci.pl\/index.php\/wp-json\/wp\/v2\/users\/1"}],"replies":[{"embeddable":true,"href":"https:\/\/viawolnosci.pl\/index.php\/wp-json\/wp\/v2\/comments?post=10"}],"version-history":[{"count":200,"href":"https:\/\/viawolnosci.pl\/index.php\/wp-json\/wp\/v2\/pages\/10\/revisions"}],"predecessor-version":[{"id":742,"href":"https:\/\/viawolnosci.pl\/index.php\/wp-json\/wp\/v2\/pages\/10\/revisions\/742"}],"wp:featuredmedia":[{"embeddable":true,"href":"https:\/\/viawolnosci.pl\/index.php\/wp-json\/wp\/v2\/media\/366"}],"wp:attachment":[{"href":"https:\/\/viawolnosci.pl\/index.php\/wp-json\/wp\/v2\/media?parent=10"}],"curies":[{"name":"wp","href":"https:\/\/api.w.org\/{rel}","templated":true}]}}